ided by j?
6
Let g(o) = 14*o**2 + 2*o + 2. Let t(j) = -4*j + 97. Let s be t(25). Calculate the remainder when g(s) is divided by 64.
58
Let d(x) = x**2 - 5*x - 1. Let v be d(6). Calculate the remainder when 245 is divided by v + 15 - (8 + -1).
11
Let v(r) = -211*r**2 + 2*r + 212*r**2 - 2 + 2*r. Let i be v(-4). What is the remainder when 37 is divided by (-9 - -21) + i/4*-2?
11
Calculate the remainder when 27 - 6/(-3*1) is divided by -1*(207/(-63))/23 - 207/(-21).
9
Suppose -5*t + 41 = 31. Suppose -6*g = -g + t*s - 52, -2*s = -2. Suppose 0 = -5*n + 4*r - g, -n - 3*r = -1 - 16. Calculate the remainder when 3 is divided by n.
1
Let g = -32383 + 33608. What is the remainder when g is divided by 270?
145
Calculate the remainder when 517 is divided by (4/2 - 1)/(10/560).
13
Let m be (-226 - 10)*3/4. Let k = m - -194. What is the remainder when 64 is divided by k?
13
Let c(w) = w**3 + 12*w**2 - 13*w - 42. Let x be c(-10). Suppose -3 - 3 = -3*i. What is the remainder when (-2 - -1) + (x/i)/3 is divided by 16?
15
What is the remainder when 676 is divided by ((-40)/(-30))/((-180)/(-13095))?
94
Let n = 12495 - 9178. Calculate the remainder when n is divided by 42.
41
Let r(p) = 2*p**3 + 26*p**2 + 15*p + 28. Let s be r(-12). Let z = s + 114. Calculate the remainder when z is divided by 51.
46
Suppose -143*y = -5*o - 140*y + 231, -3*o - 5*y = -125. Calculate the remainder when 5082 is divided by o.
42
Suppose -24*h + 837 = 2805. Let z = h - -127. What is the remainder when 128 is divided by z?
38
Let g(h) = 3*h**3 - 8*h**2 - 15*h - 4. Let a be g(8). Suppose 2424 = 2*p + a. Suppose 4*k = 10*k - p. What is the remainder when k is divided by 26?
23
Let u(p) = 3*p**2 + 65*p + 240. What is the remainder when 1201 is divided by u(-4)?
25
Suppose 217*w = 228*w - 792. Calculate the remainder when 205 is divided by w.
61
Suppose 208*p = 29*p + 22554. What is the remainder when p is divided by 49?
28
Suppose 3*f = 3*d + 465, 2*d - 125 = -f - 3*d. Suppose 0 = -7*b - f + 213. Let m(x) = 2*x**2 + 5*x - 4. What is the remainder when m(-5) is divided by b?
3
What is the remainder when 266 is divided by (502/(-6))/((-23)/3) + 2/23?
2
Let d = 25590 - 25489. Calculate the remainder when 325 is divided by d.
22
Let r(b) = 4*b - 7. Let n be r(5). Let m = 24 - n. Suppose -18*h = 15*h - 59*h + 1664. Calculate the remainder when h is divided by m.
9
Let n = 30630 + -30408. Calculate the remainder when 530 is divided by n.
86
Let n = 194 + -196. What is the remainder when (15/n)/((-3)/10) is divided by 13?
12
Let o(l) = l**2 + 13*l - 53. Let z be o(-20). Suppose 6*y - 159 = z. What is the remainder when 696 is divided by y?
40
Let i(p) = p**2 - 6*p - 20. Let h be i(9). Let g = h - -11. Let s = -216 + 222. What is the remainder when g is divided by s?
0
Let x(a) = -2*a - 1. Let y be x(1). Let c(k) = 63*k - 188. What is the remainder when c(4) is divided by (-2 - y - 3) + 16?
8
Let z(p) = -124*p + 24. Let q be z(-1). Let s = q + -137. Calculate the remainder when s is divided by 9.
2
Let w = -319899 + 319928. Let m = 122 + -28. Calculate the remainder when m is divided by w.
7
Let v be -6*(4 - (-876)/18) - -1. Let t = 346 + v. Suppose 260 = 3*l - 475. Calculate the remainder when l is divided by t.
28
Let p = 1 + 2. Suppose -5*o + 3*d = -2*d - 25, p*d = -2*o. Suppose u + 19 = 2*s - 0, 0 = 2*s + 4*u - 14. Calculate the remainder when s is divided by o.
0
Suppose 4 = p - 5*f, 4*f + 47 = 3*p + 13. Suppose p*q = -256 + 480. What is the remainder when 139 is divided by q?
11
Suppose 379 = 2*w + 5*r, -5*w - 2*r + 437 + 563 = 0. Calculate the remainder when 212 is divided by w.
10
What is the remainder when (11 - 0)/((-14 - 2080/(-144))/12) is divided by 81?
54
Let t(r) = 189*r - 2. Let z be t(2). Let g = z - 343. Calculate the remainder when g is divided by 9.
6
Let r(q) be the second derivative of 2*q**3/3 - 30*q**2 + 25*q. Let t be r(19). Suppose 4 = l - t. What is the remainder when l is divided by 13?
7
Let t be (-48)/120 + 227/5. Suppose -4*j + 7 = -t. Let v = -115 - -136. What is the remainder when v is divided by j?
8
Let f(r) = -11*r - 350*r**3 + 179*r**3 - 10 + 170*r**3 - 5*r**2. Calculate the remainder when f(-5) is divided by 25.
20
Let o(b) = 10*b - 3. Suppose -22 = -c + 4*w, 0 = -2*w - 3*w - 10. Suppose c*i - 53 = 59. Calculate the remainder when o(i) is divided by 26.
25
Let n be (18/(-8))/(3 + 189/(-56)). Suppose n*f = 597 - 423. Suppose 3*h - 14 = -y, 3*y - 2 - 16 = 3*h. Calculate the remainder when f is divided by y.
5
Let f(g) = 51*g**2 + 498*g - 18. What is the remainder when f(-13) is divided by 15?
12
Let g = 13976 + -13957. What is the remainder when 75 is divided by g?
18
Let r(z) = 16*z + 352. Let c(n) = 3*n + 70. Let t(s) = 28*c(s) - 6*r(s). Calculate the remainder when 115 is divided by t(-17).
11
Let b be 2*((-18)/6)/((-3)/(-16)). Let k(m) = -m**2 - 34*m - 44. Suppose -3*v = 3*h - 18 - 36, -5*v = -25. Calculate the remainder when k(b) is divided by h.
7
Let a(o) = o**3 + 24*o**2 - o - 18. Let u be a(-24). What is the remainder when 8*u/(-12) + 27 is divided by 13?
10
Suppose 36889 = 56*z - 57863. What is the remainder when z is divided by 429?
405
Suppose -2*w = -0*w + 12. Calculate the remainder when 77 is divided by -6*(4/3)/(w/30).
37
Suppose 5*m - 47 = 33 - 15. Calculate the remainder when ((-18)/(-12))/(2/48) is divided by m.
10
Let i(m) = -6*m**3 - 3*m**2 + 3*m + 20. Let t be i(-6). Suppose -3*b - 11*b = -t. Calculate the remainder when b is divided by 30.
25
Suppose -1347*p + 1355*p - 216 = 0. What is the remainder when 1385 is divided by p?
8
Let i = 446 + -358. Suppose -3*c + c = -i. What is the remainder when 172 is divided by c?
40
Suppose -c - 1 = -4. Let v = 110 - 106. Suppose 10*z = -v*z + 42. What is the remainder when c is divided by z?
0
Calculate the remainder when 44/(-132) - (-2848)/12 is divided by 20.
17
Calculate the remainder when (1 + -2)*13/((-39)/1902) is divided by 90.
4
Suppose -1026*r - k + 620 = -1025*r, k = r - 636. What is the remainder when r is divided by (6/8)/(2/56)?
19
Suppose 102 = b + f, -3*f = b + 4*b - 506. Suppose 2*n = -o + 35, -3*o - n + 0*n = -b. Calculate the remainder when 192 is divided by o.
27
Suppose -164 = -7*y - 101. Let t(h) = 2*h**2 - 4*h - 3. Calculate the remainder when t(y) is divided by ((-3)/6)/((-2)/100).
23
Calculate the remainder when 101 - 2*32/(4 - 12) is divided by 6.
1
Suppose -16*n - 73 = -345. Suppose 4*p = -n*p + 2163. Let d(g) = 3*g - 31. What is the remainder when p is divided by d(19)?
25
Suppose 164 - 170 = -2*k, 0 = 4*g - 2*k - 270. Calculate the remainder when 516 is divided by g.
33
Suppose -5*i = -4*u - 0*i + 1624, -1191 = -3*u - 3*i. Let k(d) = -d**3 + 18*d**2 + 17*d + 96. Calculate the remainder when u is divided by k(19).
53
Let f = -21 - -39. Suppose -4*m - 8 = 0, -2*h + 5*m - 452 = -638. What is the remainder when h is divided by f?
16
Let v(c) = -8*c**2 - 64*c - 23. Calculate the remainder when 1186 is divided by v(-7).
31
Suppose 9 - 17 = 4*b. Calculate the remainder when 46 - 31 - 10*1 is divided by b/(-4)*(-32)/(-8).
1
Calculate the remainder when (6344/468)/((-2)/(-72)) is divided by 19.
13
Suppose 77*s - 127920 = 12*s. Calculate the remainder when s is divided by 27.
24
What is the remainder when 303 is divided by 7 - ((-2274)/21 + 6/21)?
73
Suppose 0 = -3*v - 5*t + 6236, 0 = -32*v + 27*v - 4*t + 10389. Calculate the remainder when v is divided by 80.
77
Let i(q) = -q**2 - 140*q - 347. What is the remainder when i(-135) is divided by 153?
22
Let d = 7015 + -6153. Calculate the remainder when d is divided by 180.
142
Let b = 44 + -12. Suppose -3*v + 36 = -95*w + 91*w, -3*v = -5*w - 30. Calculate the remainder when b is divided by v.
12
Let l(z) = -446*z + 1828. Calculate the remainder when 927 is divided by l(4).
3
Let w(c) = -6*c + 6 - 7*c - 44. What is the remainder when w(-9) is divided by 41?
38
Let o(m) be the second derivative of 1/6*m**3 - 14*m + 1/12*m**4 + 0 + 39/2*m**2 - 1/20*m**5. Calculate the remainder when o(0) is divided by 20.
19
Suppose -3*o = -3*k + 54, 0*k - 32 = -2*k - 2*o. Let b = 3404 - 3259. What is the remainder when b is divided by k?
9
Let c(k) = k**3 + 3*k**2 - 3*k - 2. Let l = 59 - 55. Suppose l*a - 72 = z, 4*z + 3 - 19 = 0. What is the rema